t s = -29 + 31. Suppose 6 = -4*i + s. Let o be i/(2/(-16)) + 0. Calculate the highest common divisor of o and 2.
2
Suppose 3*f - 86 = 5*b, -22*b - 2 = -20*b. What is the greatest common divisor of 237 and f?
3
Let y = 42 - 44. Let i be -2 + 1/(y/158). Let q = -33 - i. What is the greatest common divisor of q and 6?
6
Let o(c) = 4*c**3 - 44*c**2 - 9*c + 93. Let h be o(13). Calculate the greatest common factor of h and 498.
166
Suppose -46953 = 516*n - 563*n. Calculate the greatest common divisor of 111 and n.
111
Let g = -43 + 47. Suppose i + 0*c - 7 = -3*c, -4*i + 12 = -g*c. Suppose -i*h + 4 + 8 = 0. What is the greatest common divisor of h and 15?
3
Suppose -3*y - 2*b = -241, 328 = 4*y + 2*b + 2*b. What is the highest common divisor of y and 301?
7
Let x be -4*13/2*-2. Let w be (1*x)/(-14 - -16). Suppose -2 + w = 3*f. Calculate the highest common divisor of 72 and f.
8
Let z(l) = 5*l**2 + 24*l + 13. Let k be z(-6). Let g = 91 - k. What is the greatest common divisor of 798 and g?
42
Let s = -192 + 383. Suppose 193*i - 48 = s*i. What is the highest common divisor of 264 and i?
24
Suppose -21 = -2*d + 101. Suppose -44 - d = -5*v. Calculate the highest common divisor of 21 and v.
21
Suppose -3*q - 5*h + 997 = 0, -4*h + 76 = -4*q + 1384. Let v = q - 245. What is the greatest common factor of v and 12?
12
Let j(d) = -5*d**3 - 4*d - 52. Let h be j(-3). What is the highest common divisor of 1767 and h?
19
Let n = 9613 + -9334. Calculate the greatest common divisor of 1271 and n.
31
Let d = 160 - 176. Let i be (28/d - -1)/(2/(-8)). Let o be (-1 - -1) + 24 + 0. Calculate the greatest common divisor of o and i.
3
Suppose -5*o + 4*m + 57 = 0, -4*o - 27 + 85 = 3*m. Let b be (-5)/(-20) + (-238)/(-8). Let a = b - o. What is the highest common divisor of 51 and a?
17
Let g = -2830 + 2844. Calculate the highest common factor of g and 434.
14
Let z(j) = 2*j**2 + 139*j - 17. Let a be z(-70). Let s(q) = -7*q**3 - 3*q**2 - 4*q + 1. Let i be s(-2). Calculate the greatest common factor of i and a.
53
Let z(s) = -16*s**2 - 202*s - 88. Let a be z(-12). Calculate the greatest common factor of 16736 and a.
32
Suppose -3*z + 69 = -3*c, -4*c = -z - 5*c + 25. Suppose 136*o = 35022 - 8910. What is the greatest common factor of z and o?
24
Suppose -2*p = -2*x + 12, -2*p - 6 = -5*x + 9. Let d be (-135)/(-9)*x/3. Suppose -10*j - 14*j + 8 + 112 = 0. What is the greatest common factor of j and d?
5
Let s be (-39 + 5007)/((2 + 2 + -3)/1). What is the highest common divisor of s and 18?
18
Suppose 0 = 15*r - 529 - 86. Suppose -32*w + r*w - 1080 = 0. Calculate the greatest common factor of 15 and w.
15
Suppose -2*j = 3*v - 3, 110 = -4*j + 98. Suppose t + 0*f + 4*f = 10, -v*t + 5*f + 64 = 0. Calculate the highest common factor of t and 18.
18
Suppose -1062 = 58*x - 64*x. Let w(j) = -2*j**2 - 81*j - 716. Let n be w(-25). What is the greatest common factor of x and n?
59
Let l(n) = -n + 1. Let o be l(-6). Let k(p) = -p**2 - 12*p + 5. Let c be k(-10). Let s = c - o. Calculate the highest common divisor of 27 and s.
9
Let h(z) = 2*z**2 - 18*z - 28. Let q be h(11). Let y be q/6 + (-1)/(-3). Let s be 18/4*-1*-2. Calculate the greatest common divisor of s and y.
3
Let f = 219 - 176. Let w(o) = -o**2 + 46*o - 105. Let h be w(f). What is the highest common divisor of h and 16?
8
Let r be (526 + -871)/(0 + 2/(-54)). Calculate the greatest common factor of r and 18.
9
Let w = 120 - 50. Let r(b) = -1844*b + 7656. Let t be r(4). What is the highest common divisor of t and w?
70
Suppose -38*g + 8595 + 2729 = 0. Suppose -88 + g = 5*o. Suppose 0 = a - 2, -3*y - 3*a = -2*y - 12. Calculate the highest common divisor of o and y.
6
Let c be 3/7*-21 + 516. Calculate the highest common factor of c and 1677.
39
Suppose -5*i + 561 = -484. Suppose 65 = 3*o - 220. Suppose -2*x = 3*x - o. Calculate the greatest common divisor of i and x.
19
Let l(r) = 2*r + 81. Let n be 1*(1 - 39)/1. Let w be l(n). What is the highest common factor of 35 and w?
5
Let f(w) = 5*w**2 - 5*w - 5. Let v be f(-8). Let g = -67 + v. Suppose 8*b - 944 = g. Calculate the greatest common divisor of b and 22.
22
Suppose -37*o + 63*o = 650. Let f be (25/4)/((9/(-84))/(-3)). Calculate the greatest common divisor of o and f.
25
Suppose 0 = -5*z + b + 1566, -3*z + 233*b + 942 = 232*b. Suppose -r + 30 = 6. What is the highest common factor of r and z?
24
Let f = -124 - -73. Let h be (10/15)/(2/f). Let z = 91 - h. Calculate the highest common divisor of 12 and z.
12
Suppose 5*p = 25, 0 = -9*m + 4*m + 19*p + 43585. Calculate the highest common factor of m and 288.
96
Let z(f) = 1432*f - 19816. Let a be z(14). What is the highest common divisor of 152 and a?
8
Let t = -53 - -88. Let k be (t/(-3))/(32/(-6) + 5). Let o be 3160/k + (-4)/14. Calculate the greatest common factor of o and 45.
45
Let h be (11385/(-3036))/(1/(-60)). What is the highest common divisor of h and 420?
15
Suppose 102 + 186 = 72*c. What is the greatest common factor of 262 and c?
2
Suppose 33095*t = 33076*t + 380. Calculate the greatest common divisor of t and 30300.
20
Suppose 324 = 5*t + 304. Let v be (-11)/(43 + 1) - (-705)/t. What is the highest common factor of 11 and v?
11
Suppose 0 = 5*r + 2*v - 24, -r - 6*v + 12 = -2*v. Suppose -t + 124 = 3*k, r = t - 0. What is the greatest common factor of 360 and k?
40
Let f be (195 - 175)*39/5. Calculate the greatest common factor of 12636 and f.
156
Let n(b) = -73*b**3 + 3*b**2 + 3*b + 2. Let s be n(-1). Let h(p) = 2*p**3 - 12*p**2 - 23*p - 12. Let v be h(8). Calculate the highest common divisor of s and v.
15
Suppose 4*l = k - 1024, 0 = 240*k - 238*k - 3*l - 2013. Calculate the greatest common factor of 36 and k.
12
Let r be 772742/10 - (-4)/(-20). What is the highest common factor of 106 and r?
106
Suppose -3*m = 3*i - 3, 0*m + 29 = -i + 5*m. Let h be -3 + 1*(-4)/i. Let j be (-4)/5*55/h. Calculate the highest common divisor of 11 and j.
11
Let s(q) = 37*q - 985. Let h be s(49). Let t(m) = -m**3 - 6*m**2 + 2*m + 1. Let u be t(-7). Calculate the greatest common factor of u and h.
36
Suppose 3*w + 6 = 18. Let i be 6/w - 69/(-6). Let b = -9182 - -9234. Calculate the greatest common factor of i and b.
13
Let i be 70 - (6/(-40)*-4 + (-6)/(-15)). Calculate the highest common divisor of 41607 and i.
69
Let x = -4798 + 6111. Calculate the greatest common divisor of x and 78.
13
Let g = -7731 + 8075. What is the highest common divisor of 4644 and g?
172
Let a = -379 + 665. Suppose -145 + 379 = 9*n. What is the greatest common divisor of a and n?
26
Suppose 105 = 4*n + 97, 4*s - 9046 = -n. Calculate the greatest common factor of 357 and s.
119
Suppose 4*n = -4*l + 1096, 17*n - 22*n = -5. What is the greatest common factor of 195 and l?
39
Let q be (24/(-7) + 2)*-7 - 4. Suppose 0 = -5*t + 3*d + 22, 2*d - d - q = -5*t. Let b be t/(1*237/(-60) - -4). What is the greatest common divisor of b and 16?
8
Suppose 0 = 307*l + 32*l - 27459. What is the greatest common divisor of 6939 and l?
27
Let q be (3/(-1) - 404)/1. Let v = q + 414. Calculate the greatest common factor of 707 and v.
7
Let z be (-143)/(-5) + 45/(-75). Suppose -4*y = 4*q - 56, -3*q + 3*y + z = -8. What is the greatest common divisor of q and 5?
1
Let i(v) = 23*v + 33. Let k(b) = 16*b**2 - 2*b - 3. Let z be k(-1). Let l be i(z). What is the greatest common factor of l and 27?
27
Let o(l) = -4*l - 53. Let u(q) = 2*q. Let j(c) = -2*o(c) - 2*u(c). Let f be j(-23). Calculate the greatest common divisor of 77 and f.
7
Let g be -3 + 6 + 21 + -21. Suppose -5*j + 480 = g*h, -4*j - 128 + 512 = -3*h. What is the highest common divisor of j and 84?
12
Suppose 15*w = -w + 976. Suppose 524 = 13*f - w. Suppose -2*t + 66 - 6 = 0. Calculate the highest common divisor of f and t.
15
Suppose -27815 = -3*h - 2*h + 5*y, 0 = -2*h - 5*y + 11119. What is the highest common divisor of 54 and h?
54
Let n(f) = -6*f**3 + 1477*f**2 - 255*f + 2340. Let r be n(246). Let h = -33 + 51. Calculate the highest common divisor of h and r.
18
Let w(a) be the third derivative of 0 - 5/6*a**3 - 8*a**2 + 0*a - 1/4*a**4. Let m be w(-1). What is the greatest common factor of 11 and m?
1
Let y = 74167 - 74153. Let w(g) = -72*g**3 + g. Let r be w(-2). Calculate the greatest common factor of y and r.
14
Let c be (352/(-